{"id":37879,"date":"2025-03-21T03:27:02","date_gmt":"2025-03-21T06:27:02","guid":{"rendered":"https:\/\/mestredosdrinks.com\/ptbr\/?page_id=37879"},"modified":"2025-03-21T09:37:13","modified_gmt":"2025-03-21T12:37:13","slug":"gerenciamento-de-consentimento-de-cookies","status":"publish","type":"page","link":"https:\/\/mestredosdrinks.com\/ptbr\/gerenciamento-de-consentimento-de-cookies\/","title":{"rendered":"Gerenciamento de Consentimento de Cookies"},"content":{"rendered":"<h2>Gerenciamento de Consentimento de Cookies<\/h2>\n<p>Nesta p\u00e1gina, voc\u00ea pode visualizar os dados relacionados \u00e0 sua escolha de consentimento sobre o uso de cookies em nosso site.<\/p>\n<h2>O que voc\u00ea encontrar\u00e1 aqui:<\/h2>\n<ul>\n<li>A data e hora em que voc\u00ea aceitou ou rejeitou o uso de cookies;<\/li>\n<li>O seu endere\u00e7o IP p\u00fablico (registrado localmente no seu navegador);<\/li>\n<li>O status atual do seu consentimento (permitido ou negado).<\/li>\n<\/ul>\n<p>Essas informa\u00e7\u00f5es s\u00e3o armazenadas exclusivamente no seu navegador por meio de cookies e n\u00e3o s\u00e3o compartilhadas com terceiros.<\/p>\n<h2>Suas informa\u00e7\u00f5es de Consentimento:<\/h2>\n<p>Se desejar, voc\u00ea pode <strong>alterar sua escolha de consentimento<\/strong> a qualquer momento clicando no bot\u00e3o abaixo, caso n\u00e3o veja o quadro com as informa\u00e7\u00f5es de consentimento, provavelmente voc\u00ea pode n\u00e3o ter feito sua escolha ou os cookies podem ter sido limpos ou bloqueados.<\/p>\n\n<h2>Como s\u00e3o armazenadas as Informa\u00e7\u00f5es de Consentimento?<\/h2>\n<p>As informa\u00e7\u00f5es de consentimentos s\u00e3o armazenadas nos cookies, caso seu navegador esteja configurado para bloquear os cookies ou se voc\u00ea limpar os cookies ou at\u00e9 mesmo se trocar de dispositivo, estas informa\u00e7\u00f5es n\u00e3o estar\u00e3o mais dispon\u00edveis e voc\u00ea precisar\u00e1 aceitar ou rejeitar novamente os cookies.<\/p>\n<hr \/>\n<h3>Acesse tamb\u00e9m:<\/h3>\n<ul>\n<li>\ud83d\udd12 <a href=\"politica-de-cookies\/\" target=\"_blank\" rel=\"noopener\">Pol\u00edtica de Cookies<\/a><\/li>\n<li>\ud83d\udcdc <a href=\"\/politica-de-privacidade\/\" target=\"_blank\" rel=\"noopener\">Pol\u00edtica de Privacidade<\/a><\/li>\n<li>\u2696\ufe0f <a href=\"\/termos-de-uso\/\" target=\"_blank\" rel=\"noopener\">Termos de Uso<\/a><\/li>\n<li>\ud83e\uddfd <a href=\"\/exclusao-de-dados\/\" target=\"_blank\" rel=\"noopener\">Solicitar Exclus\u00e3o de Dados<\/a><\/li>\n<li>\ud83e\udde0 <a href=\"\/gerenciamento-de-consentimento-de-cookies\/\">Gerenciamento de Consentimento de Cookies<\/a><\/li>\n<\/ul>\n<p>Se voc\u00ea tiver qualquer d\u00favida, entre em contato com nossa equipe atrav\u00e9s da <a href=\"https:\/\/mestredosdrinks.com\/ptbr\/entre-em-contato\/\" target=\"_blank\" rel=\"noopener\">p\u00e1gina de contato<\/a>. Estamos aqui para garantir sua seguran\u00e7a e total transpar\u00eancia no uso das suas informa\u00e7\u00f5es.<\/p>\n","protected":false},"excerpt":{"rendered":"<p>Gerenciamento de Consentimento de Cookies Nesta p\u00e1gina, voc\u00ea pode visualizar os dados relacionados \u00e0 sua escolha de consentimento sobre o uso de cookies em nosso site. O que voc\u00ea encontrar\u00e1 aqui: A data e hora em que voc\u00ea aceitou ou rejeitou o uso de cookies; O seu endere\u00e7o IP p\u00fablico (registrado localmente no seu navegador); [&hellip;]<\/p>\n","protected":false},"author":1,"featured_media":0,"parent":0,"menu_order":0,"comment_status":"closed","ping_status":"closed","template":"","meta":{"ocean_post_layout":"","ocean_both_sidebars_style":"","ocean_both_sidebars_content_width":0,"ocean_both_sidebars_sidebars_width":0,"ocean_sidebar":"0","ocean_second_sidebar":"0","ocean_disable_margins":"enable","ocean_add_body_class":"","ocean_shortcode_before_top_bar":"","ocean_shortcode_after_top_bar":"","ocean_shortcode_before_header":"","ocean_shortcode_after_header":"","ocean_has_shortcode":"","ocean_shortcode_after_title":"","ocean_shortcode_before_footer_widgets":"","ocean_shortcode_after_footer_widgets":"","ocean_shortcode_before_footer_bottom":"","ocean_shortcode_after_footer_bottom":"","ocean_display_top_bar":"default","ocean_display_header":"default","ocean_header_style":"","ocean_center_header_left_menu":"0","ocean_custom_header_template":"0","ocean_custom_logo":0,"ocean_custom_retina_logo":0,"ocean_custom_logo_max_width":0,"ocean_custom_logo_tablet_max_width":0,"ocean_custom_logo_mobile_max_width":0,"ocean_custom_logo_max_height":0,"ocean_custom_logo_tablet_max_height":0,"ocean_custom_logo_mobile_max_height":0,"ocean_header_custom_menu":"0","ocean_menu_typo_font_family":"0","ocean_menu_typo_font_subset":"","ocean_menu_typo_font_size":0,"ocean_menu_typo_font_size_tablet":0,"ocean_menu_typo_font_size_mobile":0,"ocean_menu_typo_font_size_unit":"px","ocean_menu_typo_font_weight":"","ocean_menu_typo_font_weight_tablet":"","ocean_menu_typo_font_weight_mobile":"","ocean_menu_typo_transform":"","ocean_menu_typo_transform_tablet":"","ocean_menu_typo_transform_mobile":"","ocean_menu_typo_line_height":0,"ocean_menu_typo_line_height_tablet":0,"ocean_menu_typo_line_height_mobile":0,"ocean_menu_typo_line_height_unit":"","ocean_menu_typo_spacing":0,"ocean_menu_typo_spacing_tablet":0,"ocean_menu_typo_spacing_mobile":0,"ocean_menu_typo_spacing_unit":"","ocean_menu_link_color":"","ocean_menu_link_color_hover":"","ocean_menu_link_color_active":"","ocean_menu_link_background":"","ocean_menu_link_hover_background":"","ocean_menu_link_active_background":"","ocean_menu_social_links_bg":"","ocean_menu_social_hover_links_bg":"","ocean_menu_social_links_color":"","ocean_menu_social_hover_links_color":"","ocean_disable_title":"default","ocean_disable_heading":"default","ocean_post_title":"","ocean_post_subheading":"","ocean_post_title_style":"","ocean_post_title_background_color":"","ocean_post_title_background":0,"ocean_post_title_bg_image_position":"","ocean_post_title_bg_image_attachment":"","ocean_post_title_bg_image_repeat":"","ocean_post_title_bg_image_size":"","ocean_post_title_height":0,"ocean_post_title_bg_overlay":0.5,"ocean_post_title_bg_overlay_color":"","ocean_disable_breadcrumbs":"default","ocean_breadcrumbs_color":"","ocean_breadcrumbs_separator_color":"","ocean_breadcrumbs_links_color":"","ocean_breadcrumbs_links_hover_color":"","ocean_display_footer_widgets":"default","ocean_display_footer_bottom":"default","ocean_custom_footer_template":"0","footnotes":"","_links_to":"","_links_to_target":""},"class_list":["post-37879","page","type-page","status-publish","hentry","entry"],"_links":{"self":[{"href":"https:\/\/mestredosdrinks.com\/ptbr\/wp-json\/wp\/v2\/pages\/37879","targetHints":{"allow":["GET"]}}],"collection":[{"href":"https:\/\/mestredosdrinks.com\/ptbr\/wp-json\/wp\/v2\/pages"}],"about":[{"href":"https:\/\/mestredosdrinks.com\/ptbr\/wp-json\/wp\/v2\/types\/page"}],"author":[{"embeddable":true,"href":"https:\/\/mestredosdrinks.com\/ptbr\/wp-json\/wp\/v2\/users\/1"}],"replies":[{"embeddable":true,"href":"https:\/\/mestredosdrinks.com\/ptbr\/wp-json\/wp\/v2\/comments?post=37879"}],"version-history":[{"count":0,"href":"https:\/\/mestredosdrinks.com\/ptbr\/wp-json\/wp\/v2\/pages\/37879\/revisions"}],"wp:attachment":[{"href":"https:\/\/mestredosdrinks.com\/ptbr\/wp-json\/wp\/v2\/media?parent=37879"}],"curies":[{"name":"wp","href":"https:\/\/api.w.org\/{rel}","templated":true}]}}